{"id":58,"date":"2024-11-07T08:22:48","date_gmt":"2024-11-07T08:22:48","guid":{"rendered":"https:\/\/wepas.fi\/?page_id=58"},"modified":"2025-05-07T08:16:18","modified_gmt":"2025-05-07T08:16:18","slug":"tietoa-yhdistyksestamme","status":"publish","type":"page","link":"https:\/\/wepas.fi\/?page_id=58","title":{"rendered":"Tietoa yhdistyksest\u00e4mme"},"content":{"rendered":"\n<figure class=\"wp-block-image alignleft size-full is-resized\"><img loading=\"lazy\" decoding=\"async\" width=\"799\" height=\"840\" src=\"https:\/\/wepas.fi\/wp-content\/uploads\/2024\/11\/ovi-b.jpg\" alt=\"Ovi Wepasiin\" class=\"wp-image-90\" style=\"width:297px;height:auto\" srcset=\"https:\/\/wepas.fi\/wp-content\/uploads\/2024\/11\/ovi-b.jpg 799w, https:\/\/wepas.fi\/wp-content\/uploads\/2024\/11\/ovi-b-285x300.jpg 285w, https:\/\/wepas.fi\/wp-content\/uploads\/2024\/11\/ovi-b-768x807.jpg 768w\" sizes=\"auto, (max-width: 799px) 100vw, 799px\" \/><\/figure>\n\n\n\n<p>WEPAS &#8211; Wetterin palveluasumisyhdistys ry on kotonaan Helsingin kaupungissa. Yhdistyksen ovat perustaneet 11.10.1996 kahdeksan entisen Wetterin palveluasumisryhm\u00e4n liikuntavammaista asukasta ja patentti- ja rekisterihallitus on hyv\u00e4ksynyt yhdistyksen merkitt\u00e4v\u00e4ksi yhdistysrekisteriin 10.1.1997. Uudenmaan l\u00e4\u00e4ninhallitus on my\u00f6nt\u00e4nyt yhdistykselle luvan yksityisten sosiaalipalvelujen tarjoamiseen ja harjoittamiseen p\u00e4\u00e4t\u00f6ksell\u00e4\u00e4n 6.8.1997 (Dnro 04633 916 97 170).<\/p>\n\n\n\n<p>Yhdistyksen tarkoituksena on edist\u00e4\u00e4 vammaisten henkil\u00f6iden omaehtoista asumista ja itsen\u00e4ist\u00e4 el\u00e4m\u00e4\u00e4 tavallisen asutuksen osana sek\u00e4 pyrki\u00e4 turvaamaan vammaisten henkil\u00f6iden jatkuva ja riitt\u00e4v\u00e4 avunsaanti. Tarkoituksensa toteuttamiseksi yhdistys tuottaa omakustannushintaan ensisijassa asumispalveluja vammaisten avuntarpeiden t\u00e4ytt\u00e4miseksi. Se tekee sopimuksia lain mukaan vammaisten henkil\u00f6iden asumispalveluista vastuussa olevien tahojen kanssa.<\/p>\n\n\n\n<p>Yhdistys aloitti varsinaisen toimintansa 1.10.1997. Toimikautenaan 1.1. \u2013 31.12.2024 WEPAS &#8211; Wetterin palveluasumisyhdistys ry jatkoi toimintaansa tuolloin allekirjoitetun ostopalvelusopimuksen sek\u00e4 sit\u00e4 t\u00e4ydent\u00e4v\u00e4n, 13.3.2023 allekirjoitetun, p\u00e4ivitysliitteen mukaisesti. Ostopalvelusopimus koskee yhdistyksen tuottamia palveluja seitsem\u00e4lle, helsinkil\u00e4iselle vaikeasti liikuntavammaiselle j\u00e4senelleen, jotka asuvat omissa vuokra-asunnoissaan Kiinteist\u00f6osakeyhti\u00f6 Abraham Wetterin tie 11:n kiinteist\u00f6ss\u00e4. Toiminnalla turvattiin vammaispalvelulain mukainen ymp\u00e4rivuorokautinen, vaikeavammaisten henkil\u00f6iden palveluasuminen. Palvelujen tarve ja palvelujen laajuus pohjautuvat asukkaille vammaispalvelulain perusteella tehtyihin yksil\u00f6llisiin p\u00e4\u00e4t\u00f6ksiin.Toimintakautensa 1.1. \u2013 31.12.2024 aikana yhdistys tuotti seitsem\u00e4lle (7) asukkaalleen yhteens\u00e4 2562 palveluasumisp\u00e4iv\u00e4\u00e4, jotka yhdistys laskutti Helsingin kaupungilta kuukausittain erikseen.<\/p>\n\n\n\n<p>Uusi vammaispalvelulaki on viel\u00e4 kysymysmerkki t\u00e4t\u00e4 kirjoitettaessa. Se saattaa tuoda joitakin muutoksia, mutta todenn\u00e4k\u00f6isesti perustoiminta jatkuu p\u00e4\u00e4piirteiss\u00e4\u00e4n nykyisell\u00e4\u00e4n. Yhdistys j\u00e4rjest\u00e4\u00e4 palveluasumisen organisoinnin palkkaamalla ty\u00f6ntekij\u00f6it\u00e4, jotka avustavat yhdistyksen j\u00e4seni\u00e4 heid\u00e4n p\u00e4ivitt\u00e4iseen asumiseensa liittyviss\u00e4 toimissa vammaispalvelulain mukaisesti.<\/p>\n\n\n\n<p>Yhdistyksell\u00e4 on ollut k\u00e4yt\u00f6ss\u00e4\u00e4n Helsingin kaupungin kiinteist\u00f6viraston talo-osaston kanssa solmitun vuokrasopimuksen mukainen toimistotila, pinta-alaltaan 35 m2, Kiinteist\u00f6osakeyhti\u00f6 Abraham Wetterin tie 11:n kiinteist\u00f6ss\u00e4 huoneistossa (C67), joka toimii ty\u00f6ntekij\u00f6iden sosiaalitilana ja josta k\u00e4sin he suorittavat avustusteht\u00e4vi\u00e4. Avunpyynn\u00f6t v\u00e4litet\u00e4\u00e4n sis\u00e4isell\u00e4, maksullisella h\u00e4lytysj\u00e4rjestelm\u00e4ll\u00e4 yleisen puhelinverkon kautta. H\u00e4lytysj\u00e4rjestelm\u00e4 toimii GSM-verkossa. Is\u00e4nn\u00f6itsij\u00e4n\u00e4 toimii Roihuvuoren Kiinteist\u00f6t Oy.<\/p>\n\n\n\n<p>Toimintavuoden 2024 aikana vakinaisessa vakituisessa\/osa-aikaisessa\/m\u00e4\u00e4r\u00e4aikaisessa ty\u00f6suhteessa oli yhteens\u00e4 18 avustajaa sek\u00e4 osa-aikainen toimihenkil\u00f6 ja palkkatuella osittain rahoitettu palkanlaskija-kirjanpit\u00e4j\u00e4. Ty\u00f6ajat ja -vuorot j\u00e4rjestettiin yhdistyksen j\u00e4senten avuntarpeen mukaan siten, ett\u00e4 avustusta oli saatavilla 24 tuntia vuorokaudessa. Toimihenkil\u00f6 suoritti Wepas ry:n hallinnollisia teht\u00e4vi\u00e4 yhdess\u00e4 palkanlaskija-kirjanpit\u00e4j\u00e4n kanssa yhdistyksen hallituksen johdon ja valvonnan alaisena. Toimihenkil\u00f6n toimenkuvaan kuuluvat my\u00f6s esimiehen teht\u00e4v\u00e4t. Koko vuonna toteutettiin tarkkaa ty\u00f6vuorosuunnittelua. Yhdistyksen tarkka ty\u00f6vuorosuunnittelu, sijaisrekrytointi ja henkil\u00f6st\u00f6politiikka olivat hyvin suunniteltuja vuonna 2024. Sairaslomista ei aiheutunut vajaata henkil\u00f6ityst\u00e4 k\u00e4yt\u00e4nn\u00f6ss\u00e4 yhteenk\u00e4\u00e4n ty\u00f6vuoroon. Vuonna 2024 palveluja tuotettiin yhdistyksen seitsem\u00e4lle (7) j\u00e4senelle. Vakituisen henkil\u00f6kunnan koostumuksessa ei tapahtunut muutoksia vuonna 2024. Yksi Yhdistyksen osa-aikaisista ty\u00f6ntekij\u00f6ist\u00e4 j\u00e4i opintovapaalle 9.12.2024. Kes\u00e4t\u00f6iss\u00e4 m\u00e4\u00e4r\u00e4aikaisella ja osa-aikaisella sopimuksella oli nelj\u00e4 (4) ty\u00f6ntekij\u00e4\u00e4. Lis\u00e4ksi uusia tarvittaessa t\u00f6ihin kutsuttavien keikkaty\u00f6ntekij\u00f6iden sopimuksia kirjoitettiin kaksi (2) kappaletta.<\/p>\n\n\n\n<p>Joulukuussa 2024 yhdistyksen pitk\u00e4aikainen j\u00e4sen menehtyi yll\u00e4tt\u00e4en. Sen vuoksi yksi yhdistyksen j\u00e4senten k\u00e4yt\u00f6ss\u00e4 oleva asunto on ollut tyhjill\u00e4\u00e4n. Yhdistys tekee yhteisty\u00f6t\u00e4 Helsingin vammaispalveluiden j\u00e4rjest\u00e4misen yksik\u00f6n, sosiaality\u00f6n ja ostopalvelun sek\u00e4 SAS-ryhm\u00e4n kanssa uuden j\u00e4senen (asukkaan) l\u00f6yt\u00e4miseksi.<\/p>\n\n\n\n<p>Vakinaisesta henkil\u00f6st\u00f6st\u00e4 vuoden 2024 lopussa oli v\u00e4hint\u00e4\u00e4n kouluasteinen sosiaali- tai terveydenhuoltoalan taikka muun alan ammatillinen tutkinto kahdella (2) henkil\u00f6ll\u00e4. Sen lis\u00e4ksi muilla ty\u00f6ntekij\u00f6ill\u00e4 oli alalta vankka tai riitt\u00e4v\u00e4 ty\u00f6kokemus toimialaan kuuluvista teht\u00e4vist\u00e4. Vuonna 2024 yhdistyksen ty\u00f6ntekij\u00f6iden ty\u00f6el\u00e4keturva tehtiin yhteisty\u00f6ss\u00e4 Ty\u00f6el\u00e4keyhti\u00f6 Varman kanssa. Ty\u00f6tapaturma- ja ammattitauti sek\u00e4 ryhm\u00e4henkivakuutus hoidettiin yhteisty\u00f6ss\u00e4 Vakuutusyhti\u00f6 If:n kanssa. Henkil\u00f6kunnan ty\u00f6tt\u00f6myysturvavakuutus toteutettiin aikaisempien vuosien tapaan Ty\u00f6llisyysrahasto kanssa. Ty\u00f6ntekij\u00f6iden ty\u00f6terveyshuolto toteutettiin Terveystalo Oy:n kanssa solmitulla sopimuksella, jonka toimintasuunnitelma p\u00e4ivitettiin 1.1.2025. Vuonna 2024 yhdistys teki ty\u00f6terveyden kanssa ty\u00f6terveys- ja ty\u00f6ergonomiakartoitukset sek\u00e4 p\u00e4ivitti ty\u00f6terveyden toimintasuunnitelman vuoden 2027 loppuun asti.<\/p>\n\n\n\n<p><a href=\"https:\/\/wepas.fi\/\">Paluu etusivulle<\/a><\/p>\n","protected":false},"excerpt":{"rendered":"<p>WEPAS &#8211; Wetterin palveluasumisyhdistys ry on kotonaan Helsingin kaupungissa. Yhdistyksen ovat perustaneet 11.10.1996 kahdeksan entisen Wetterin palveluasumisryhm\u00e4n liikuntavammaista asukasta ja patentti- ja rekisterihallitus on hyv\u00e4ksynyt yhdistyksen merkitt\u00e4v\u00e4ksi yhdistysrekisteriin 10.1.1997. Uudenmaan l\u00e4\u00e4ninhallitus on my\u00f6nt\u00e4nyt yhdistykselle luvan yksityisten sosiaalipalvelujen tarjoamiseen ja harjoittamiseen p\u00e4\u00e4t\u00f6ksell\u00e4\u00e4n 6.8.1997 (Dnro 04633 916 97 170). Yhdistyksen tarkoituksena on edist\u00e4\u00e4 vammaisten henkil\u00f6iden omaehtoista asumista [&hellip;]<\/p>\n","protected":false},"author":1,"featured_media":0,"parent":0,"menu_order":0,"comment_status":"closed","ping_status":"closed","template":"","meta":{"footnotes":""},"class_list":["post-58","page","type-page","status-publish","hentry"],"_links":{"self":[{"href":"https:\/\/wepas.fi\/index.php?rest_route=\/wp\/v2\/pages\/58","targetHints":{"allow":["GET"]}}],"collection":[{"href":"https:\/\/wepas.fi\/index.php?rest_route=\/wp\/v2\/pages"}],"about":[{"href":"https:\/\/wepas.fi\/index.php?rest_route=\/wp\/v2\/types\/page"}],"author":[{"embeddable":true,"href":"https:\/\/wepas.fi\/index.php?rest_route=\/wp\/v2\/users\/1"}],"replies":[{"embeddable":true,"href":"https:\/\/wepas.fi\/index.php?rest_route=%2Fwp%2Fv2%2Fcomments&post=58"}],"version-history":[{"count":19,"href":"https:\/\/wepas.fi\/index.php?rest_route=\/wp\/v2\/pages\/58\/revisions"}],"predecessor-version":[{"id":352,"href":"https:\/\/wepas.fi\/index.php?rest_route=\/wp\/v2\/pages\/58\/revisions\/352"}],"wp:attachment":[{"href":"https:\/\/wepas.fi\/index.php?rest_route=%2Fwp%2Fv2%2Fmedia&parent=58"}],"curies":[{"name":"wp","href":"https:\/\/api.w.org\/{rel}","templated":true}]}}